*2 + 8*h + 10. Let t be b(7). Let n = -12 - t. What is the tens digit of n?
2
Suppose 2*s - 4*s - 14 = 0. Let c(k) = -k**3 - 7*k**2 - 2*k + 2. What is the units digit of c(s)?
6
What is the units digit of (-1 + (-13)/(-4))/(69/736)?
4
Let q(n) = n**2 + n - 1. Let i be q(-1). Let d = -22 - -35. Let p = d + i. What is the units digit of p?
2
Let u = 8 + -5. Suppose 2*o + 2 = 3*g - 4, -6 = -3*o - 3*g. Suppose n = u*w + 8, o = n + 5*w - 5 - 3. What is the units digit of n?
8
Suppose 160 + 104 = 3*b. Suppose 5*w - b = -23. What is the tens digit of w?
1
Suppose 4 = -q - 2. What is the tens digit of 3*6 - q/(-3)?
1
Suppose -2*i - 8 = -2. Let j = i - -5. What is the units digit of j?
2
Let p = 65 + -105. Let i = 61 + p. What is the units digit of i?
1
Let m = -1 + -4. Let i = m + 9. What is the units digit of 150/22 + i/22?
7
What is the tens digit of ((-12)/7)/((-12)/462)?
6
Let d = 1 - 5. Let h be (0 - 6)*d/6. Suppose 4*m - 14 = -h*i - m, 0 = 4*m - 8. What is the units digit of i?
1
Suppose 0 = 7*v - 4*v + 75. Let x = v - -37. What is the units digit of x?
2
What is the units digit of (-5 - -4)*-307*1?
7
Suppose 7*g - 57 = 4*g. What is the tens digit of g?
1
Suppose 2*i - 1 = 1. Let k be 1 - 0 - -2 - -2. Suppose -k*h = -4 - i. What is the units digit of h?
1
Let o(a) = 2 + 3*a + a + a**2 + 0*a. What is the tens digit of o(-6)?
1
Let a be (-3 - -2)/(1/(-53)). Suppose a + 55 = 6*x. What is the tens digit of x?
1
Let v(x) = x**3 + 9*x**2 + 7*x + 12. Let c be v(-8). Let q = -15 + c. What is the units digit of q?
5
Suppose 69 = -4*h + 3*a + 23, 4*h + 4*a = -60. Let r = h + 40. What is the tens digit of r?
2
Suppose -4*n + 285 = -a + 4*a, -3*n - 5*a + 200 = 0. Suppose n = -2*w + 11. Let z = -15 - w. What is the units digit of z?
7
Let x = 29 + -21. What is the units digit of (2/(-4))/((-4)/x)?
1
Let y(z) = -3*z - 3. Let p be y(-5). Let c be (-2)/p + (-26)/(-12). What is the units digit of 3/(-6) + 3/c?
1
What is the tens digit of 162*3/6 + 2?
8
Let l(b) = 2*b**2 + 36*b + 133. What is the tens digit of l(-21)?
5
What is the units digit of (-17)/(952/16) - (-2482)/14?
7
Let k be 24/18 + 4/6. Suppose -3*v - 14 = 3*z - k*v, 5*v = -z - 28. Let g = z - -10. What is the units digit of g?
7
What is the tens digit of 79/1 - (4 + 0)?
7
Let l(h) = -2*h + 23. Let m(w) = -3*w + 24. Let p(f) = 4*l(f) - 3*m(f). What is the units digit of p(18)?
8
Suppose -3*w + 3*a + 77 = -2*a, a = 5*w - 143. What is the tens digit of w?
2
Let g(y) = y. Let c be g(2). Suppose -c*o - 2*o + 36 = 0. What is the units digit of o?
9
Let h(z) = 3*z - 3. Let p be h(2). Suppose -2*c = -3*u - 62, 0 = p*c + u - 2*u - 100. What is the tens digit of c?
3
Let x(f) be the second derivative of 3/2*f**3 - 1/20*f**5 + 2*f + 0 + 1/2*f**2 + 7/12*f**4. What is the units digit of x(8)?
9
What is the units digit of -16 + 20 + 18*3?
8
Suppose 3*x + 3*k - 4 = -k, 2*k + 26 = 2*x. What is the units digit of 4/(x/6) - -53?
6
Let f(c) = 3*c**2 - 2*c**2 + 0*c + c**3 - 10*c**2 + 3 + 9*c. Let j be -1 - ((-9)/1 - 0). What is the units digit of f(j)?
1
Suppose -177 = -3*a - 3*f, -a - 22 = -3*f - 93. What is the units digit of a?
2
Let r(l) = l + 14. Let c be r(-6). Suppose -i = -j - 4*i + c, -2 = -i. Let a = 9 + j. What is the units digit of a?
1
Suppose 4*y = 9*p - 4*p - 680, 3*p + 4*y = 376. What is the tens digit of p?
3
Let x(u) = -u + 9. What is the units digit of x(0)?
9
Let r(p) = p**2 - 10*p. Let a be r(9). Let f = -3 - a. Let h = 6 + f. What is the tens digit of h?
1
Let h be (-9)/(-18)*3*-2. What is the tens digit of (-3)/3*9*h?
2
Let g(j) = 2*j. Let c be g(5). What is the tens digit of (12/10)/(c/175)?
2
Suppose 4*q + 1 = 41. Let i = q - 1. What is the units digit of i?
9
Suppose -4*f + 14 = 5*s - 4*s, 2*s + 2*f = -2. What is the tens digit of 8/(1 + 3/s)?
1
What is the units digit of (-4 - -5)*-4 - 1*-182?
8
Let v = -17 + 21. What is the units digit of v?
4
What is the tens digit of ((-4)/6)/(2*2/(-84))?
1
Let q = 17 - 13. Suppose -z = -q*z + 75. What is the tens digit of z?
2
Suppose 3*g - 3 = 51. What is the units digit of ((-39)/(-9) - 4)*g?
6
Suppose 7*o = 8*o - 24. What is the tens digit of o?
2
Let m(b) = -b + 5. Let f be m(5). Suppose 3*y = 2*t + 4, t + 2*t = 3*y - 12. Let z = f - t. What is the units digit of z?
8
What is the tens digit of (-8*12/56)/((-3)/609)?
4
Suppose 2*s + s = 6. Let d be -2 + s - 2 - 0. What is the units digit of 0 - (1 + d) - -6?
7
Suppose 3*o + 3*o = 618. What is the hundreds digit of o?
1
Let z(b) be the third derivative of b**4/3 - 4*b**3/3 + 4*b**2. What is the units digit of z(5)?
2
Let h(z) = -86*z + 3 + z**2 + 89*z + z**2 + 0*z**3 - z**3. Let p be 2/1*(-3)/(-2). What is the units digit of h(p)?
3
Let u(p) = -p**3 + 5*p**2 - 2*p + 5. What is the tens digit of u(4)?
1
Let i = 6 + 80. What is the units digit of i?
6
Suppose 4*a = 150 - 10. Suppose 5*s + 5*l = a + 10, l + 19 = 3*s. What is the units digit of s?
7
Suppose -5*s - b = -65, 0 = -s + b + 2*b + 29. What is the units digit of s?
4
Let h = 11 - 7. Suppose -89 + 9 = -h*d. Suppose 3*m + 5*u = u + 16, 2*m - 2*u = d. What is the units digit of m?
8
Suppose -26 = -2*d - 0*d. Suppose -2*h = 3*r - 6*h - 4, 0 = -r - h + d. What is the units digit of r?
8
Let x(q) = -2*q + 1. Let n be x(-1). Suppose -n*u - 2*u + s + 124 = 0, 3*u - 52 = -5*s. What is the tens digit of u?
2
Suppose -3*a + 134 = -34. What is the tens digit of a?
5
Let h = -1 - 2. Let m = -4 - h. What is the units digit of (-21)/(-3) - (-1 - m)?
7
Suppose 0 = 4*d - 4 + 28. What is the tens digit of -54*((-3)/d + -1)?
2
Suppose v + 21 = 5*u, 0*u + 2*u - 12 = 4*v. Let f = -41 - -46. Let b = v + f. What is the units digit of b?
4
Suppose 5*p - 47 = 4*p. What is the tens digit of p?
4
Suppose h - 87 = 2*y, -h - y = -48 - 45. What is the units digit of h?
1
Let d(r) = 2*r**2 - r. Let p be d(-4). Suppose 0*l = -2*l + p. What is the tens digit of l?
1
Let r(s) be the third derivative of -s**5/60 + 5*s**4/24 + 7*s**3/6 - 8*s**2. What is the tens digit of r(3)?
1
Let d(o) = o**2 - 7*o + 5. Let z be d(8). What is the tens digit of 2/13 - (-388)/z?
3
Let m(r) = 25*r - 60. What is the tens digit of m(10)?
9
Suppose g = 6*g - 20. Let r(c) = -c**3 + 6*c**2 - 5*c + 2. What is the tens digit of r(g)?
1
Let k(z) = -4*z - 1. Suppose -5 = 2*b - 5*b - w, -2*w - 5 = b. Suppose -5*l + 2*i - 7 - 4 = 0, 0 = b*i - 9. What is the units digit of k(l)?
3
Let i = -14 - -20. Let r = i - 5. What is the units digit of r?
1
Let q = -34 - -183. What is the hundreds digit of q?
1
Suppose -13 = -5*v + 3*c, v - 5*c = -v - 10. Suppose -4*m - v*w = -142, m = -m - 3*w + 72. What is the tens digit of m?
3
Let b(u) = u**2. What is the units digit of b(-2)?
4
Let f = 5 - 0. Suppose -14 = -h + l, -f*l - 25 + 5 = 0. What is the tens digit of h?
1
Suppose 92 + 52 = 9*g. What is the units digit of g?
6
Suppose -4*r + 2*c + 80 = 0, -19 = -r + c - 0*c. Let z = 30 - r. What is the units digit of z?
9
Let v(d) be the first derivative of -d**4/4 + d**3 - d**2/2 - 2*d + 2. What is the tens digit of v(-3)?
5
Let v(u) = u**3 + 5*u**2 - 4*u - 8. What is the hundreds digit of v(4)?
1
Suppose 0 = 2*i - 2, -2*g + 31 = -0*g + i. Suppose g - 3 = 3*z. What is the units digit of z?
4
Let m(i) = -i + 4. Let g(r) = -2*r - 4. Let h be g(-5). Let z be m(h). What is the units digit of (-2 - 4/z) + 5?
5
Let s = -5 - -7. Suppose 5*a - 4*v - 55 + 17 = 0, -2*a = s*v - 8. What is the units digit of a?
6
Let t = 5 + -5. Suppose 0 = -t*x - 3*x + 9. Suppose 0 = -f - x*j - 3, -j + 75 = 5*f - 4*j. What is the units digit of f?
2
Suppose -5*k + 13 = -107. What is the units digit of k?
4
Let b be 0 + (-2 + 1 - 1). What is the units digit of -2 - (-7 + 2/b)?
6
Let g be (-1)/(-4) + (-7)/(-4). Suppose 3*m = -9, -5*a + 2*m = -0*m + 34. Let s = g - a. What is the units digit of s?
0
Let c = 17 - 12. Suppose c*n - 27 = -k, -5*k - n = -3*n. Suppose 3 + 7 = k*w. What is the units digit of w?
5
Let b(v) = 2*v**2 + v. Let y = 5 + -4. Let g be b(y). Suppose -25 = -g*h - 1. What is the units digit of h?
8
Suppose -2*h + 155 = 3*h. What is the tens digit of h?
3
Suppose 0 = -2*h - 3*h + 20. Suppose 2*s + 96 = h*s. Suppose -s = -4*u + 5*k, 0*u + 10 = 2*u + k. What is the units digit of u?
7
Let a(o) be the first derivative of -o**3/3 - 4*o**2 + 8